?
False
Is 168 a factor of 37895?
False
Is 450024 a multiple of 204?
True
Is 32 a factor of 221978?
False
Is 192 a factor of 4857?
False
Is 34 a factor of 660074?
False
Does 40 divide 853163?
False
Is 50 a factor of 16325934?
False
Does 4 divide 776800?
True
Is 445 a factor of 145294?
False
Is 1694306 a multiple of 44?
False
Is 26 a factor of 7857954?
True
Is 229833 a multiple of 61?
False
Is 35 a factor of 1158241?
False
Does 2 divide 20224?
True
Is 44590 a multiple of 4?
False
Does 384 divide 67200?
True
Is 126 a factor of 935197?
False
Does 24 divide 6060209?
False
Is 14 a factor of 5308107?
False
Is 821 a factor of 13999687?
False
Is 30 a factor of 311310?
True
Does 6 divide 388452?
True
Is 2254377 a multiple of 97?
True
Does 1487 divide 7431461?
False
Is 307166 a multiple of 22?
False
Does 90 divide 735390?
True
Does 1314 divide 16703568?
True
Is 51836 a multiple of 149?
False
Does 110 divide 1877370?
True
Is 4059114 a multiple of 94?
False
Does 12 divide 137613?
False
Is 9 a factor of 4532311?
False
Is 1022 a factor of 170674?
True
Is 241928 a multiple of 8?
True
Is 27 a factor of 5911036?
False
Does 16 divide 1544637?
False
Does 480 divide 256707?
False
Does 72 divide 7353?
False
Is 95300 a multiple of 5?
True
Does 18 divide 2807695?
False
Is 36 a factor of 20916?
True
Is 31736 a multiple of 69?
False
Does 31 divide 225959?
True
Does 28 divide 520042?
False
Is 368 a factor of 87584?
True
Does 476 divide 2626092?
True
Is 1170 a factor of 18952045?
False
Is 294320 a multiple of 20?
True
Is 1345153 a multiple of 242?
False
Is 42 a factor of 20114?
False
Is 19 a factor of 20054?
False
Does 29 divide 3643067?
True
Is 30496 a multiple of 204?
False
Is 276930 a multiple of 18?
True
Is 80 a factor of 31920?
True
Does 147 divide 96757?
False
Does 876 divide 11431707?
False
Does 848 divide 960784?
True
Does 23 divide 3178117?
True
Does 155 divide 89900?
True
Is 62 a factor of 1317562?
True
Is 2207903 a multiple of 32?
False
Does 1273 divide 235505?
True
Does 131 divide 157662?
False
Does 210 divide 873390?
True
Is 427521 a multiple of 121?
False
Is 3719853 a multiple of 291?
True
Is 68657 a multiple of 17?
False
Is 2598940 a multiple of 398?
True
Is 194 a factor of 71212?
False
Is 139683 a multiple of 461?
True
Is 431 a factor of 622364?
True
Does 27 divide 6939189?
True
Is 858885 a multiple of 5?
True
Does 21 divide 1840461?
True
Does 13 divide 5642?
True
Is 98611 a multiple of 20?
False
Is 1611 a factor of 8396532?
True
Is 293670 a multiple of 117?
True
Is 19 a factor of 1763509?
False
Is 22 a factor of 880550?
True
Does 211 divide 231889?
True
Is 1087310 a multiple of 49?
True
Is 124 a factor of 351008?
False
Is 91332 a multiple of 24?
False
Is 104824 a multiple of 4?
True
Is 14 a factor of 710556?
True
Is 195 a factor of 5752251?
False
Is 6 a factor of 23964?
True
Does 523 divide 2229549?
True
Is 62 a factor of 2320102?
True
Does 17 divide 1602624?
True
Is 16 a factor of 2187512?
False
Is 298 a factor of 394552?
True
Is 76 a factor of 74252?
True
Is 75 a factor of 2029021?
False
Is 19 a factor of 133190?
True
Does 29 divide 38483?
True
Is 9 a factor of 173709?
True
Is 263776 a multiple of 4?
True
Does 3 divide 629303?
False
Is 61 a factor of 16409?
True
Is 4240358 a multiple of 18?
False
Is 345341 a multiple of 8?
False
Does 10 divide 1482688?
False
Does 125 divide 855738?
False
Is 6263315 a multiple of 909?
False
Is 1106971 a multiple of 805?
False
Is 7825 a multiple of 10?
False
Is 486 a factor of 327379?
False
Does 11 divide 20460?
True
Is 214 a factor of 1343102?
False
Is 722 a factor of 1612354?
False
Is 6382 a multiple of 50?
False
Is 72 a factor of 2630664?
True
Is 18575 a multiple of 743?
True
Is 53466 a multiple of 4?
False
Does 8 divide 12175211?
False
Does 26 divide 5970964?
False
Is 87500 a multiple of 51?
False
Is 4670761 a multiple of 14?
False
Does 453 divide 65232?
True
Is 421711 a multiple of 4?
False
Is 7 a factor of 1771833?
True
Is 79 a factor of 1060338?
True
Does 4 divide 89028?
True
Does 19 divide 262349?
False
Is 8 a factor of 340925?
False
Does 389 divide 192166?
True
Is 254 a factor of 492610?
False
Does 39 divide 13880646?
True
Does 106 divide 57205?
False
Is 422611 a multiple of 37?
False
Is 6147897 a multiple of 867?
True
Is 14 a factor of 276153?
False
Is 21 a factor of 31429?
False
Is 12 a factor of 120090?
False
Is 127690 a multiple of 25?
False
Does 971 divide 781655?
True
Does 96 divide 92599?
False
Does 106 divide 279494?
False
Is 20 a factor of 1886000?
True
Is 1010268 a multiple of 28?
True
Is 93421 a multiple of 33?
False
Is 1778979 a multiple of 577?
False
Is 12 a factor of 291905?
False
Does 422 divide 2421311?
False
Is 6204 a multiple of 94?
True
Does 36 divide 123912?
True
Is 113828 a multiple of 286?
True
Is 4 a factor of 2965217?
False
Does 61 divide 3233183?
True
Does 298 divide 823417?
False
Is 160980 a multiple of 10?
True
Does 16 divide 73024?
True
Is 53 a factor of 1234995?
False
Does 14 divide 42350?
True
Is 64 a factor of 2961420?
False
Is 218128 a multiple of 8?
True
Does 20 divide 901920?
True
Is 3 a factor of 50526?
True
Is 35 a factor of 288190?
True
Is 4 a factor of 174588?
True
Is 231168 a multiple of 6?
True
Is 8 a factor of 1262181?
False
Is 14 a factor of 370636?
True
Does 9 divide 98343?
True
Does 22 divide 2123409?
False
Is 16 a factor of 2702308?
False
Is 243036 a multiple of 43?
True
Does 306 divide 11937?
False
Does 73 divide 60955?
True
Does 263 divide 1391894?
False
Is 38 a factor of 41382?
True
Does 17 divide 25041?
True
Is 12 a factor of 298999?
False
Does 703 divide 1406703?
True
Does 33 divide 1143813?
True
Does 87 divide 1492498?
False
Is 3 a factor of 42417?
True
Does 805 divide 40839?
False
Does 7 divide 993804?
True
Is 1869777 a multiple of 117?
True
Is 704748 a multiple of 30?
False
Does 22 divide 311970?
False
Is 360 a factor of 19103?
False
Does 47 divide 188566?
False
Is 513530 a multiple of 49?
False
Is 435 a factor of 1619505?
True
Is 305327 a multiple of 11?
True
Does 109 divide 45444?
False
Is 1220 a factor of 10637180?
True
Is 133 a factor of 66254?
False
Is 47951 a multiple of 8?
False
Is 6828630 a multiple of 17?
False
Is 90211 a multiple of 15?
False
Is 15927 even?
False
Does 34 divide 953156?
True
Is 5 a factor of 395165?
True
Is 16 a factor of 6053216?
True
Does 37 divide 109259?
False
Is 15 a factor of 1691595?
True
Is 7 a factor of 179579?
False
Is 4422200 a multiple of 257?
False
Does 12 divide 2397146?
False
Is 11 a factor of 1227855?
False
Does 462 divide 48510?
True
Is 547370 a multiple of 146?
False
Is 547 a factor of 1066746?
False
Is 56293 a multiple of 9?
False
Is 900121 a multiple of 172?
False
Is 12468384 a multiple of 122?
False
Is 216948 a multiple of 20?
False
Is 261291 a multiple of 345?
False
Does 362 divide 181000?
True
Is 373452 a multiple of 19?
False
Is 324 a factor of 254377?
False
Does 13 divide 1278521?
False
Does 33 divide 7944596?
False
Is 170 a factor of 1317496?
False
Is 123 a factor of 88949?
False
Does 109 divide 10780427?
True
Is 408124 a multiple of 201?
False
Is 252800 a multiple of 221?
False
Is 139 a factor of 113563?
True
Does 32 divide 10896?
False
Is 145 a factor of 1705490?
True
Is 4348568 a multiple of 488?
True
Is 11 a factor of 11456940?
True
Does 278 divide 176252?
True
Does 250 divide 2378000?
True
Is 6 a factor of 290193?
False
Does 24 divide 197708?
False
Does 63 divide 19845?
True
Is 799574 a multiple of 308?
False
Is 330627 a multiple of 129?
True
Is 336206 even?
True
Does 36 divide 609444?
True
Is 7 a factor of 21170?
False
Is 238546 a multiple of 438?
False
Does 22 divide 4945490?
True
Is 3126497 a multiple of 91?
False
Does 47 divide 881062?
True
Does 591 divide 1311285?
False
Is 116620 a multiple of 17?
True
Does 10 divide 7441?
False
Is 2803438 a multiple of 61?
True
Is 546498 a multiple of 194?
True
Does 158 divide 171081?
False
Does 16 divide 87899?
False
Is 356235 a multiple of 63?
False
Is 424 a factor of 178223?
False
Does 50 divide 174700?
True
Is 155 a factor of 169610?
False
Is 9471481 a multiple of 19?
True
Is 55 a factor of 257225?
False
Is 29 a factor of 240793?
False
Does 42 divide 25410?
True
Is 2233760 a multiple of 460?
True
Is 697425 a multiple of 15?
True
Is 19 a factor of 14625174